is the greatest common factor of 124 and 235693?
31
What is the greatest common factor of 1252791 and 9?
9
What is the highest common divisor of 796 and 1393398?
398
Calculate the greatest common divisor of 7738 and 11534.
146
What is the highest common factor of 160 and 303760?
80
What is the highest common divisor of 117 and 297570?
39
Calculate the highest common divisor of 21455 and 40.
5
What is the highest common factor of 3 and 278321?
1
Calculate the highest common factor of 1876 and 37044.
28
Calculate the greatest common divisor of 166 and 1552.
2
What is the highest common factor of 116 and 34742?
58
Calculate the greatest common divisor of 1000 and 1613000.
1000
What is the greatest common divisor of 1332 and 3626?
74
Calculate the highest common divisor of 129710 and 102.
34
What is the highest common factor of 61 and 451583?
61
What is the highest common divisor of 279 and 3330981?
279
Calculate the greatest common factor of 20 and 52420.
20
What is the highest common factor of 514 and 2742?
2
Calculate the highest common factor of 757092 and 294.
42
What is the highest common factor of 80 and 615744?
16
What is the greatest common factor of 1966040 and 2760?
920
Calculate the greatest common divisor of 812303 and 89.
89
Calculate the greatest common factor of 972 and 4131.
243
What is the greatest common divisor of 646 and 1343?
17
Calculate the highest common divisor of 7056 and 1134.
126
Calculate the greatest common factor of 168 and 220528.
56
What is the highest common divisor of 2312 and 185827?
289
Calculate the highest common factor of 6696 and 4776.
24
What is the highest common factor of 2060 and 268?
4
Calculate the greatest common divisor of 67 and 516101.
67
Calculate the highest common factor of 431406 and 9.
9
Calculate the highest common divisor of 1215 and 5.
5
What is the greatest common divisor of 203506 and 1164?
194
Calculate the greatest common factor of 4220 and 40301.
211
Calculate the highest common divisor of 60 and 7530.
30
What is the greatest common divisor of 48723 and 3129?
447
What is the highest common divisor of 64892 and 12?
4
What is the highest common divisor of 418524 and 252?
12
Calculate the highest common factor of 24278 and 854.
122
Calculate the greatest common factor of 27086 and 7598.
58
What is the greatest common factor of 11600 and 378800?
400
Calculate the greatest common factor of 145934 and 19495.
557
Calculate the greatest common divisor of 24829 and 21.
7
Calculate the highest common divisor of 95 and 28139.
19
Calculate the highest common divisor of 12806 and 1685.
337
What is the highest common factor of 119 and 157913?
119
Calculate the highest common factor of 2743821 and 302.
151
Calculate the highest common divisor of 46752 and 48.
48
Calculate the highest common factor of 42873 and 11811.
93
Calculate the highest common factor of 7310040 and 240.
120
Calculate the highest common divisor of 100 and 337825.
25
Calculate the highest common factor of 1208 and 1992.
8
What is the greatest common divisor of 136 and 36601?
17
What is the highest common factor of 128 and 27360?
32
Calculate the highest common factor of 4684 and 6.
2
What is the greatest common factor of 11919 and 145?
29
Calculate the greatest common factor of 744 and 1440.
24
Calculate the greatest common divisor of 52 and 50258.
26
Calculate the greatest common factor of 108671 and 4336.
271
Calculate the highest common factor of 435 and 491550.
435
Calculate the greatest common divisor of 2640 and 546.
6
Calculate the greatest common divisor of 457068 and 492.
492
What is the highest common factor of 108 and 48834?
18
What is the greatest common divisor of 64 and 1425472?
64
Calculate the greatest common factor of 250914 and 93.
93
What is the greatest common divisor of 82 and 1144?
2
Calculate the greatest common divisor of 196 and 14889.
7
Calculate the greatest common divisor of 82516 and 25284.
196
What is the greatest common factor of 15385 and 85?
85
What is the highest common factor of 80 and 8010?
10
Calculate the greatest common divisor of 65028 and 96.
12
What is the highest common divisor of 493 and 273173?
17
What is the greatest common divisor of 93245 and 60?
5
Calculate the greatest common factor of 1156 and 18564.
68
Calculate the greatest common factor of 1152 and 7848.
72
What is the highest common divisor of 1038 and 107606?
346
Calculate the highest common divisor of 1458454 and 53.
53
What is the highest common divisor of 27 and 369792?
27
What is the highest common factor of 444 and 85284?
12
Calculate the highest common factor of 156 and 6868524.
156
What is the highest common factor of 107 and 21935?
107
Calculate the greatest common factor of 8150736 and 43.
43
What is the highest common factor of 6550 and 3250?
50
Calculate the greatest common factor of 192 and 341556.
12
Calculate the greatest common divisor of 930 and 3534.
186
What is the highest common divisor of 1080 and 120?
120
What is the greatest common divisor of 102 and 40137?
51
Calculate the greatest common factor of 8800 and 7425.
275
What is the greatest common divisor of 1358 and 6734?
14
Calculate the greatest common factor of 461346 and 102.
102
Calculate the greatest common factor of 37810 and 597.
199
What is the greatest common factor of 64 and 2826480?
16
What is the highest common factor of 330746 and 52?
26
Calculate the greatest common factor of 196 and 1099.
7
What is the greatest common divisor of 8732 and 2294?
74
Calculate the highest common divisor of 1077 and 11129.
359
What is the highest common factor of 3933 and 2967?
69
Calculate the highest common factor of 56 and 12032.
8
What is the highest common divisor of 4669 and 126875?
203
Calculate the greatest common factor of 8547 and 565323.
1221
What is the greatest common factor of 3960 and 13560?
120
Calculate the highest common factor of 14 and 170254.
14
Calculate the highest common factor of 385 and 44814.
77
What is the highest common divisor of 70 and 143290?
70
Calculate the highest common divisor of 366380 and 60.
20
Calculate the greatest common factor of 96133 and 16469.
383
What is the highest common factor of 13095801 and 9?
9
Calculate the greatest common factor of 31975 and 475.
25
Calculate the highest common divisor of 166470 and 186.
186
Calculate the highest common divisor of 272 and 1717544.
136
What is the highest common factor of 6448 and 1519?
31
What is the greatest common factor of 5456 and 35216?
496
What is the highest common factor of 55472 and 16?
16
Calculate the greatest common divisor of 234 and 3728673.
117
Calculate the greatest common factor of 177644 and 1497.
499
What is the highest common divisor of 5950 and 2198?
14
Calculate the greatest common divisor of 1684466 and 14.
14
Calculate the greatest common factor of 1057 and 761191.
151
What is the greatest common factor of 799066 and 14975?
599
What is the greatest common divisor of 123270 and 7350?
210
What is the highest common divisor of 735 and 453201?
147
Calculate the greatest common factor of 35 and 548275.
35
Calculate the greatest common factor of 680 and 1624520.
680
What is the highest common divisor of 4300 and 220?
20
Calculate the greatest common factor of 14 and 5496330.
14
What is the greatest common factor of 116 and 7018?
58
Calculate the greatest common factor of 1430 and 5.
5
Calculate the highest common divisor of 51681 and 378.
21
Calculate the greatest common factor of 308 and 36124.
44
What is the greatest common factor of 144 and 2169072?
144
Calculate the highest common divisor of 3504 and 21.
3
Calculate the greatest common divisor of 38130 and 9963.
123
Calculate the greatest common factor of 18151 and 14.
7
What is the greatest common divisor of 192 and 67812?
12
Calculate the greatest common factor of 208 and 248576.
16
Calculate the greatest common factor of 9584 and 32.
16
What is the highest common factor of 147 and 425761?
49
Calculate the greatest common factor of 193225 and 1100.
25
What is the highest common factor of 4712 and 4864?
152
Calculate the greatest common factor of 2750 and 49720.
110
Calculate the greatest common divisor of 371817 and 3807.
1269
What is the highest common factor of 57 and 73587?
57
What is the 